e
Let r = -172 + 317. Is r a prime number?
False
Let g(v) = 5*v**2 - 2*v**3 + 7 - 1 + 3*v**3 + 2*v. Let k be g(-5). Is 36 + (2 - k)/(-3) composite?
True
Let o(z) = 18*z + 1. Let m = 16 - 22. Let t = 8 + m. Is o(t) prime?
True
Let u = 0 - -6. Let f(c) = c**3 - 5*c**2 + 8*c + 3. Is f(u) composite?
True
Let s(u) = -4*u**3 - u. Let n be s(-1). Suppose o - 1 = n. Is o/4*(-296)/(-12) composite?
False
Is ((-4)/(-32)*4)/((-2)/(-356)) prime?
True
Is (-2555 + 13)*(-1)/2 a composite number?
True
Let r(d) = 506*d + 1. Is r(8) composite?
False
Let v be (12/(-7))/(4/(-14)). Let i = 3 - 1. Is (-207)/v*i/(-3) prime?
True
Let l be (3/(-2))/((-3)/(-4)). Let n(h) be the first derivative of 13*h**3/3 + h**2 + h + 1. Is n(l) a prime number?
False
Suppose t = -1 - 1, -3*t = 2*m + 2. Let b be (-4)/((-32)/20)*2. Suppose -5*g + 245 = -s + 6*s, 0 = -b*g - m*s + 245. Is g a prime number?
False
Let q(n) be the second derivative of -5*n**3/3 - 5*n**2/2 - n. Is q(-4) composite?
True
Let o = 24 + 16. Let b be (-1)/(-1 + (-210)/(-213)). Let w = b - o. Is w composite?
False
Let k be (1244/4)/((-1)/(-3)). Suppose 0 = 3*j - 6510 + k. Let g = -1306 + j. Is g a prime number?
False
Let r(y) = 22*y**2 - y - 1. Let o be r(-3). Let t = -142 + o. Is t composite?
True
Suppose 0 = 5*w + 6*j - 5*j - 7020, 4*w - 5640 = 4*j. Is w a prime number?
False
Let p be 1*1*(1 + 2). Suppose -p*s + 8*s = 2*c - 533, -4*c - 3*s = -1079. Is c a composite number?
False
Suppose -6*o + 3*o = -30. Suppose 5*p = o*p - 175. Is p a composite number?
True
Suppose 3*l - 27 = 255. Is l a composite number?
True
Let h(n) = n**2 + 4*n + 4. Let c be h(-3). Let p(z) = -9*z - 1. Let j be p(c). Is ((-565)/j)/((-2)/(-4)) composite?
False
Let s = -186 + 409. Is s prime?
True
Let d(y) = 5*y**2 - 2*y + 7. Is d(-3) prime?
False
Is 311*2*4/8 a prime number?
True
Let t = 1 - 1. Suppose -o - o - 6 = t. Let p(u) = -u**3 + 2*u**2 + u + 4. Is p(o) composite?
True
Let u(a) = 6*a**2 + 7. Is u(-5) composite?
False
Suppose c - 114 = 5*u, -5*c + 690 = -u + 6*u. Is c a composite number?
True
Suppose w + 112 = 3*x, -w = -4*x - 3*w + 146. Is x a prime number?
True
Let g(i) = -i**2 - 9*i - 6. Let y be g(-8). Suppose -3*p = -y*p - 149. Is p composite?
False
Let v(j) = j**3 - 9*j**2 + 9*j - 5. Let p be v(8). Suppose 21 = p*u - 186. Is u a composite number?
True
Suppose 5*c - 19 - 16 = 0. Let v(i) = i**3 - 5*i**2 - 8*i - 9. Is v(c) prime?
False
Suppose 5*u - 4*u = 0, 0 = b + 5*u - 373. Is b a prime number?
True
Let x(f) = -f**2 + f + 1. Let k(z) = 3*z**3 - z**2 - z - 2. Let c(w) = k(w) - 2*x(w). Is c(3) prime?
False
Let w(t) = t**3 + 9*t**2 - 12*t - 13. Let u be w(-10). Let r = 15 - u. Is 322/4*16/r composite?
True
Suppose 2 - 1 = -i. Let u(k) = k**2 + 1. Let f be u(i). Is 10/(-5)*(-83)/f a prime number?
True
Suppose 2*w - 6*w + 40 = 0. Suppose 0 = 6*y - 2*y + 24. Let i = w + y. Is i composite?
True
Suppose 0 = -x + 71 + 58. Is x composite?
True
Let p(v) = -v**2 + 8*v + 8. Let n be p(8). Is ((-10)/(-3))/(n/60) composite?
True
Let m(o) be the third derivative of 3*o**5/20 + o**4/6 - 2*o**3/3 - 2*o**2. Is m(3) composite?
False
Suppose -10*b = -14*b + 444. Suppose -2*x + 163 = 3*l + 2*x, -2*l = 5*x - b. Is l composite?
False
Let t = -616 + 1733. Is t a composite number?
False
Suppose -2*b + b - 68 = 4*k, 4*b + 48 = -2*k. Let o = k - -59. Let q = o + 8. Is q prime?
False
Suppose 2*q - 71 = -r + 3, -r - 43 = -q. Is q composite?
True
Let z(g) be the third derivative of g**4/4 + g**3/3 - g**2. Is z(2) composite?
True
Suppose 5*n - n = -3*m + 22, 3*m + 3*n = 18. Suppose m*q - q = 145. Is q composite?
True
Let o(z) = z**3 + z**2 - z + 3. Let w be o(0). Suppose 0*r + w*r = 0. Suppose n + r*n = 9. Is n a prime number?
False
Let h(w) = -w**3 - w**2 + 4. Let v be h(-3). Let d(m) = 2 + 2 - 9*m - 10*m - v*m. Is d(-3) a prime number?
True
Suppose -4*a + 2619 - 847 = 0. Is a composite?
False
Let x(y) be the second derivative of -y**4/4 + y**3/2 - 9*y**2/2 - 3*y. Let b be x(-8). Let c = 338 + b. Is c a prime number?
True
Let k be (-4)/10 + 484/10. Let b = -33 + k. Is b prime?
False
Suppose 0*q - 2*q + 10 = 0. Suppose -5*u - 4*n + 1131 = -0*u, q*n - 243 = -u. Let r = 344 - u. Is r prime?
False
Suppose 2*g - 17 = 977. Is g composite?
True
Suppose 110 = 5*p - 0*p. Let j(u) = u**2 + u + 1. Let d be j(-3). Let a = p - d. Is a a composite number?
True
Let v(f) = f**2 + 1. Let a be v(0). Let w be a*((-6)/(-3))/(-1). Let o = w - -171. Is o a composite number?
True
Suppose 1025 = 4*l - 231. Is l a composite number?
True
Is (2 - 735/(-6))*2 prime?
False
Let i(x) = x**2 + 5*x + 8. Let s(y) = -2*y**2 - 9*y - 17. Let o(l) = 7*i(l) + 3*s(l). Let w be o(-8). Suppose -16 = w*g - 191. Is g prime?
False
Suppose 3*h - 154 = h. Is h composite?
True
Let k be (-58 + 0)*-1 - 0. Suppose -2*a - 34 = 44. Let v = k + a. Is v a prime number?
True
Let s(z) = z**2 - 2*z - 7. Let i be s(-3). Suppose i*k - 4*k = 460. Is k composite?
True
Let r(z) = z**3 - 9*z**2 - 7*z - 17. Is r(12) a composite number?
False
Suppose -3*q + 15 = -3*v, -4*q + v + 13 = -q. Let w(n) = 8*n**2 - 2*n - 5. Is w(q) a composite number?
True
Suppose -4*v + 24 = 4*q, -v = -3*q - q - 1. Suppose 5*l + v + 0 = 0, 5*g - l - 56 = 0. Is g a composite number?
False
Let v = 7 + -5. Suppose v*c - 1576 = -2*c. Is c/5 - (-1)/5 prime?
True
Let m(t) = -t**3 + 5*t**2 + 9*t - 5. Let x be m(6). Suppose -15 - x = -4*c. Is c a composite number?
False
Let l(w) = 3*w**2 - 9*w + 5. Suppose -4*j + 14 = 5*b, 0 = -b - 3*b + 4*j + 40. Is l(b) a prime number?
True
Suppose 5*d = -5, 0 = 2*n - d + 5*d - 154. Is n a prime number?
True
Suppose 0*n + n = -4*p + 28, 0 = 4*p - n - 36. Is (-331 - 3)*(-4)/p prime?
True
Suppose -3*a = -121 - 992. Is a prime?
False
Let r = -165 + 103. Let h(k) = 13*k**2 - 3*k. Let d be h(3). Let j = d + r. Is j a prime number?
False
Is (9/(-6)*1382/(-3))/1 a prime number?
True
Let f(m) = -53*m**2 - 3*m + 1. Let w(j) = 213*j**2 + 13*j - 5. Let v(h) = -9*f(h) - 2*w(h). Suppose i = -4*s + 19, -4*s + 25 = -3*i - 2*i. Is v(i) prime?
False
Suppose -4*n + 17 = 5*v - 57, v + 86 = 4*n. Is n a composite number?
True
Let n(t) = -4*t - 5. Let c be n(-2). Suppose c*m + 1884 = 7*m. Is m prime?
False
Let z(d) = 4*d - 4. Let v be z(2). Suppose v*l = 992 - 148. Is l a composite number?
False
Suppose 0 = -0*j - j + 2. Let b be 1/(j + (-15)/9). Suppose f - 4*x - 22 = 13, 4*f + b*x = 159. Is f prime?
False
Suppose i = -2*i - 2*o + 43, -2*i - 5*o + 47 = 0. Suppose 0*l + l = i. Is l composite?
False
Let z(n) = 65*n + 4. Is z(3) composite?
False
Let x(g) = g + 8. Let c be x(-5). Let b be 0/(-1) - -6 - 2. Suppose -b*d = 3*y - 193, -y + c*d + 207 = 2*y. Is y composite?
False
Suppose -4*u + 2*w + 5 = -39, 2*u - 5*w = 14. Let z = -8 + u. Is z/(-2 - 120/(-58)) a composite number?
True
Suppose -4 = -r - 3. Let o = 2 + r. Suppose 0 = -4*k + 8, 0*d + o*d = -3*k + 183. Is d prime?
True
Let b(t) = -10*t**3 + 26*t**2 - 49*t + 39. Let r(q) = 7*q**3 - 17*q**2 + 33*q - 26. Let y(p) = 5*b(p) + 7*r(p). Suppose 20 = 3*k - 7. Is y(k) prime?
False
Suppose 2*x - 5*x = -105. Suppose -3*g = -f - x, 0 = -2*f - 3 - 1. Is g composite?
False
Let z = -5 - -7. Suppose 0 = -z*l + 8, -3*w + 8 = w - 2*l. Suppose -w*k + 0*k = -140. Is k a prime number?
False
Let s(n) be the first derivative of -n**3/3 + 5*n**2/2 + 7*n + 1. Let l be s(7). Is (-68)/(-7) + (-2)/l composite?
True
Let w(v) = v**3 - 6*v**2 - 4*v - 5. Let n be 1 + -1 + (5 - -3). Is w(n) a prime number?
False
Let s(v) be the first derivative of 8*v**3/3 + 3*v**2/2 - 11*v + 5. Is s(-6) a composite number?
True
Let q = 1 - 2. Let l be 1*8 - (2 + q). Suppose k + 2*p - 24 = l, -31 = -k - 4*p. Is k prime?
True
Let q = -10 + 18. Let y be 9/2*q/(-12). Is ((-3)/2)/(y/26) prime?
True
Let m(c) = -199*c + 10. Is m(-9) a composite number?
False
Let v(z) = 4*z**3 + 3*z**2 - 2*z - 2. Is v(3) prime?
True
Suppose -w + 4*f = -0*f + 54, -f = -2*w - 101. Let j = -109 - -74. Let n = j - w. Is n a prime number?
False
Let a(j) = j**3 - 15*j**2 + 10*j + 35. Is a(16) composite?
True
Let u = 2743 + -1112. Is u a composite number?
True
Let i be (-2)/(-4) - (-30)/12. Let l(g) = 8*g**3 + 4*g**2 + g - 4. Is l(i) prime?
True
Let w = 4 + -2. Suppose -2*y - w*z = -y - 79, -4*y - 2*z + 316 = 0. Is y a composite number?
False
Let a be (-15)/(-45)